c. What is the units digit of d(2)?
5
Let c be 480/(-22) + (-6)/33. Let f = -9 - c. What is the units digit of f?
3
What is the units digit of 336/14*(-2)/(-4)?
2
Let x be 4/6*24/4. Suppose -3 = w - 4*w + 3*m, 0 = 2*w - m - x. What is the units digit of w?
3
Suppose 3*g - 42 = 192. Suppose a = -3*a + 3*h + g, 3*a = 4*h + 55. What is the tens digit of a?
2
Let a(p) = p - 9. Let j be a(8). Let h be -5*(j + -5 + -1). Suppose -2*r + 14 - 77 = -5*b, -h = -5*b - 5*r. What is the tens digit of b?
1
What is the units digit of (-6)/39 - (-704)/13?
4
What is the units digit of 11/66 + 317/6?
3
Let m(r) = 2*r - 7. Let h be m(5). Suppose h*x + 3 = 0, -3*q - 2*x = 2*q - 23. What is the tens digit of 0/(-2) + 8 + q?
1
What is the hundreds digit of -4*((-10)/(-4))/((-2)/20)?
1
Suppose i = -i + 6. Suppose 2*h + 22 = -i*q + 7*h, -4*h = -5*q - 15. What is the units digit of 0/(-3) - q*-4?
4
Let w = 17 + -6. Suppose -g + 5*r = -30, 3*g + 4*r - 22 = w. What is the units digit of g?
5
Let m = -7 - -12. Suppose -4*y + 92 = 3*d + 24, -m*d = 5*y - 90. What is the tens digit of y?
1
Let s = -16 + -20. What is the tens digit of 4/18 + (-820)/s?
2
Let n = -21 + 11. Let o = n + 27. What is the units digit of o?
7
Let k(w) = -2*w + 8. Let l be 78/(-65)*(-1 - -6). What is the tens digit of k(l)?
2
Let y(t) = -21*t**3 + 8*t**2 - 11*t - 5. Let p(o) = -7*o**3 + 3*o**2 - 4*o - 2. Let n(a) = 8*p(a) - 3*y(a). What is the units digit of n(1)?
7
Let t = 6 + -4. Suppose -5*b = r - 107, -t*r - 3 = -r. What is the units digit of b?
2
Let n = 597 + -358. What is the units digit of n?
9
Suppose -3*n + 55 + 65 = 0. What is the tens digit of n?
4
What is the tens digit of (2/(-8))/(8/(-928))?
2
Suppose 2*g = 5*q - 274 - 256, -3*g + 447 = 4*q. What is the units digit of q?
8
Let n = -23 + 55. What is the tens digit of n?
3
Let g be 26/(-4) + 3/(-2). Let f be (9/(-6))/(6/g). Suppose -5*x + f*x = -15. What is the units digit of x?
5
Let p(g) = g**2 + 7*g - 4. Suppose -4*k = -43 + 15. Suppose k = 2*l + 23. What is the units digit of p(l)?
4
Suppose 0 = s, -2*s = -2*x + 3*s. Let t be x - (1 + 0 + -6). Suppose 2*j = 4*h - 6, -t*h + 3*j + 27 = 7*j. What is the units digit of h?
3
Let x be (2/(-4))/((-1)/10). Let r = x + 4. Suppose 0 = -4*h + r + 39. What is the tens digit of h?
1
Let y = 0 + 3. Let g = 4 + y. What is the units digit of g?
7
Let m(x) = 5*x**2 - 13*x + 19. What is the units digit of m(10)?
9
Suppose j + 586 = 3*j. What is the hundreds digit of j?
2
Suppose 12 = 3*i, 0 = -0*u - 3*u + 5*i + 214. What is the tens digit of u?
7
Let y(u) = 2 + 3*u**2 - 4 + 0*u**2 - 2*u**2 + 5*u. Let g be y(-6). What is the units digit of 1071/81 - g/18?
3
Let q(z) = 3*z - 1. Let x be q(-1). Let v(c) = c**3 + 3*c**2 - 3*c - 2. Let y be v(x). Let g = y - -10. What is the units digit of g?
4
Suppose -3*x - 3 - 3 = 0. Let c be (-48 + 3 + x)/(-1). Let q = c - 31. What is the units digit of q?
6
Let x be (2/7)/((-2)/(-14)). Suppose x*c + 0*c - 16 = 0. What is the units digit of c?
8
Let p(n) = n**2 - 6*n - 10. Suppose -d + 3*g + 1 + 10 = 0, -4*d + 3*g + 35 = 0. What is the units digit of p(d)?
6
Suppose -9*j = -6*j - 432. What is the hundreds digit of j?
1
Let p(o) = 2*o**2 + 9*o + 3. Let a be p(-6). Let q be (-2 + 30)/(3 + -1). Let w = a - q. What is the units digit of w?
7
Let x = -6 - -6. Suppose -17 = -q - 0*q + f, x = -5*q + 3*f + 85. What is the tens digit of q?
1
Let p be 3 - ((1 - 1) + 0). Suppose 5*y - 21 = -3*g, -2*y - 4*g + 11 + p = 0. What is the units digit of y?
3
Let x = 483 - 286. What is the units digit of x?
7
Let a = 87 + -43. What is the tens digit of a?
4
Suppose 0 = 3*x + 15, -2*x - 1 = -3*v + 15. Suppose 5*l - 25 = -4*p, 2*l = v - 8. Suppose -5*m = -s + 12, 0*m - p = -2*s - 4*m. What is the units digit of s?
7
Let m = 64 + -115. Let h = m + 74. What is the units digit of h?
3
Let x = 33 - 19. Let v be 152/7 + x/49. Let g = v + -13. What is the units digit of g?
9
Let x = -6 + -1. Let n = 12 + x. What is the units digit of n?
5
Suppose -4*m + 18 = -6. What is the units digit of (-2)/(-4)*m - -1?
4
Let i(x) = 3*x**2 + 7*x - 35. What is the units digit of i(-8)?
1
Suppose -2*c + 6*c = 3*p + 905, -5*c = -p - 1123. What is the units digit of c?
4
Let h(w) = -4*w - 9. Let x(l) = -5*l - 10. Let g(i) = 4*h(i) - 3*x(i). What is the units digit of g(-7)?
1
Suppose -10*d + 6*d = 12. Let p = 20 - 4. What is the tens digit of p - d*3/(-9)?
1
Suppose 3*o = 3*g - 120, -4*o - 106 = -5*g + 93. What is the tens digit of g?
3
Let d = 5 + -3. Let q = -6 + 8. Suppose 0 = -2*w - q*w - 2*a - d, -4 = -w + a. What is the units digit of w?
1
Suppose -4*j - x + 74 = 0, 2 = x + 4. Let n = j + 1. What is the tens digit of n?
2
Let p = -8 + 20. Suppose -p = -2*o - 0*o. What is the units digit of (o + -2)*8/4?
8
Let q(l) = -l**3 - 6*l**2 + 4*l - 1. What is the units digit of q(-7)?
0
Let n(j) = 2*j - 5. What is the units digit of n(14)?
3
Let x(i) = i**2 - 3*i - 3. What is the tens digit of x(7)?
2
Suppose -2*m + 80 = 4*x + 10, 5*m = x + 120. What is the tens digit of m?
2
Suppose 2*o - 4*b - 46 = 52, 221 = 4*o - 3*b. What is the tens digit of o?
5
Let c(x) = 5*x**3 + 4*x**2 - 8*x + 11. What is the units digit of c(3)?
8
Let z = 6 - 12. Let p = z - -6. Suppose p*v - v - 1 = -3*m, 0 = 4*m - 12. What is the units digit of v?
8
Let j be 4/12 + 22/6. Suppose -o - o + j*p = 136, 4*o + 283 = -3*p. What is the units digit of 4/16 - o/8?
9
Let k(y) = -3*y + 2*y**2 + 5 + 0*y**2 - 3. What is the tens digit of k(3)?
1
Let c(p) = p**2 + p - 2. Let g be c(-3). Suppose -g*y = -133 - 7. What is the tens digit of y?
3
Let h = 92 + -63. What is the tens digit of h?
2
Let d = 2 - -16. Suppose -d = -n - n. What is the units digit of n?
9
Suppose -15 = -5*f, -2*f = -v - 0*f + 6. What is the units digit of v?
2
Let g = -39 + 23. Let a = 16 - g. Suppose -4*n + j = n - 49, a = 4*n + j. What is the units digit of n?
9
Suppose 2*d - 8 = -4. What is the tens digit of 0 + -6*d*-1?
1
Let u = 604 + -399. What is the units digit of u?
5
What is the units digit of 7/(21/174) + 1?
9
Suppose 0 = i + 3*i. Suppose -a - 4 = -i*a. Let l = a + 5. What is the units digit of l?
1
Suppose 2*m + 200 = 6*m. Suppose 5*c + 5*u - u - m = 0, -3*c = 5*u - 17. What is the units digit of c?
4
Suppose 11*x = 6*x + 575. Suppose -2*d = 0, 6*d - x = -5*j + 2*d. What is the tens digit of j?
2
Suppose i + 4*c - 2 = 10, 2*c = -5*i + 6. Suppose i = 3*x - x + 4. What is the units digit of 9/(-6) - 19/x?
8
Let t(o) = -o**3 + o**2 + 13. Suppose -i = 5*g - 5, -g + 3 = 2. What is the tens digit of t(i)?
1
Suppose -4*y + 6*y = 60. What is the tens digit of y?
3
Let y(d) = -d**3 + 6*d**2 + 5. Let s be y(6). Suppose -3*r + s = -1. Suppose -r*o = -7*o + 55. What is the units digit of o?
1
Let q = -119 - -177. What is the units digit of q?
8
Suppose -n - 11 = 5*x, -2*n + 7*n - 2*x = -28. Let a = -6 - n. What is the tens digit of 12 + a*1/3?
1
Let t = 9 + -6. Suppose 0 = t*n - 2 - 1. What is the units digit of n?
1
Let r(t) = -2*t + 4*t**3 + t**2 - 1 + 2*t + t. Let i be r(1). Let m = i - -5. What is the tens digit of m?
1
Suppose 0 = 5*t - 1118 + 188. What is the hundreds digit of t?
1
Let j(h) = h**2 - h + 1. Let w(c) be the second derivative of c**4/4 - c**3/2 - c**2/2 + 2*c. Let a(l) = 4*j(l) - w(l). What is the units digit of a(0)?
5
Suppose -d = -5*d - 72. Let f(p) = -p**2 + 9*p - 20. Let o be f(6). What is the units digit of d/o + 3 + -6?
6
Let b = 317 - 186. What is the hundreds digit of b?
1
Let p(c) = -c**2 + 12*c + 18. Let x = 19 - 6. What is the units digit of p(x)?
5
Let d(t) = 3*t**3 + 3*t**2 + 10*t - 9. Let y(u) = -u**3 + u**2 - u + 1. Let o(c) = -d(c) - 4*y(c). What is the tens digit of o(8)?
2
Suppose 0 = 2*r + r - 6. Suppose 5*o + 2*m - 50 = 0, 3*o - 68 = -o + 4*m. Suppose r*u - 5*n = 28, -n = -4*u + o + 8. What is the units digit of u?
4
Let q be 2*6*(-2)/3. What is the units digit of 1 + 6 + (q - -5)?
4
Suppose -4*h = -2*h - 52. What is the tens digit of h?
2
Let p = 3 + 60. What is the units digit of p?
3
Let w = 75 - 40. What is the tens digit of w?
3
Let z = 135 - 76. Suppose 195 - z = 4*m. What is the tens digit of m?
3
Let j = 2 - 2. Suppose -n + 15 = -j*n. Let k = -6 + n. What is the units digit of k?
9
Let k(j) = j + 8. Let b be k(-8). Let a = b + 5. W